er when 628154 is divided by 543?
446
Calculate the remainder when 72596 is divided by 530.
516
Calculate the remainder when 4340213 is divided by 2192.
53
What is the remainder when 1030622 is divided by 142?
128
Calculate the remainder when 7287 is divided by 1728.
375
Calculate the remainder when 194830373 is divided by 132178.
1
Calculate the remainder when 8774 is divided by 5597.
3177
What is the remainder when 201704 is divided by 10076?
184
Calculate the remainder when 8203695 is divided by 237.
177
Calculate the remainder when 26197 is divided by 6340.
837
Calculate the remainder when 746096 is divided by 2003.
980
Calculate the remainder when 10838 is divided by 2441.
1074
What is the remainder when 374518 is divided by 712?
6
What is the remainder when 726451 is divided by 2334?
577
What is the remainder when 225106 is divided by 11841?
127
Calculate the remainder when 436251 is divided by 1003.
949
What is the remainder when 959050 is divided by 147?
22
What is the remainder when 1180605 is divided by 343?
342
What is the remainder when 211720 is divided by 1308?
1132
Calculate the remainder when 71964 is divided by 105.
39
What is the remainder when 9890959 is divided by 27?
22
What is the remainder when 354712 is divided by 176776?
1160
Calculate the remainder when 8433527 is divided by 14.
11
What is the remainder when 1860071 is divided by 16?
7
Calculate the remainder when 24216 is divided by 749.
248
Calculate the remainder when 12052362 is divided by 52.
10
What is the remainder when 3189031 is divided by 71?
66
What is the remainder when 91865 is divided by 909?
56
Calculate the remainder when 166594 is divided by 257.
58
Calculate the remainder when 136459987 is divided by 28.
27
What is the remainder when 8389048 is divided by 699087?
4
Calculate the remainder when 51580 is divided by 507.
373
Calculate the remainder when 18290 is divided by 3565.
465
Calculate the remainder when 433280 is divided by 72184.
176
What is the remainder when 1221671 is divided by 2071?
1852
What is the remainder when 2261069 is divided by 777?
776
What is the remainder when 156759 is divided by 596?
11
Calculate the remainder when 901053 is divided by 128532.
1329
Calculate the remainder when 3122425 is divided by 806.
787
Calculate the remainder when 9830919 is divided by 3945.
3924
What is the remainder when 6044689 is divided by 126?
91
Calculate the remainder when 70212 is divided by 466.
312
Calculate the remainder when 518954 is divided by 520.
514
What is the remainder when 36403 is divided by 25?
3
Calculate the remainder when 2914438 is divided by 107.
79
What is the remainder when 1459322 is divided by 1406?
1300
What is the remainder when 2165099 is divided by 49203?
167
What is the remainder when 9474572 is divided by 3619?
30
Calculate the remainder when 26351525 is divided by 485.
20
What is the remainder when 912610 is divided by 694?
0
What is the remainder when 92160 is divided by 5700?
960
Calculate the remainder when 596778 is divided by 563.
561
Calculate the remainder when 688610 is divided by 1297.
1200
Calculate the remainder when 12313319 is divided by 76.
27
What is the remainder when 1748477 is divided by 739?
3
What is the remainder when 104510392 is divided by 1659?
28
Calculate the remainder when 2470007 is divided by 1234438.
1131
Calculate the remainder when 14846 is divided by 1655.
1606
What is the remainder when 82044189 is divided by 96?
93
What is the remainder when 16340726 is divided by 49?
10
Calculate the remainder when 443529269 is divided by 162.
161
What is the remainder when 1469293 is divided by 13?
7
Calculate the remainder when 276632 is divided by 23.
11
What is the remainder when 110246 is divided by 18305?
416
What is the remainder when 369499977 is divided by 23093748?
9
Calculate the remainder when 4422304 is divided by 2054.
42
What is the remainder when 17121312 is divided by 41?
40
What is the remainder when 41060368 is divided by 701?
695
Calculate the remainder when 8839836 is divided by 1767965.
11
Calculate the remainder when 53591 is divided by 501.
485
Calculate the remainder when 29497868 is divided by 9832574.
146
Calculate the remainder when 26141236 is divided by 13070610.
16
Calculate the remainder when 47663 is divided by 68.
63
Calculate the remainder when 1517332 is divided by 10537.
4
Calculate the remainder when 1381680 is divided by 39476.
20
Calculate the remainder when 3612519 is divided by 5328.
135
What is the remainder when 1048912 is divided by 215?
142
Calculate the remainder when 11747692 is divided by 950.
942
Calculate the remainder when 171366253 is divided by 42841560.
13
What is the remainder when 21666444 is divided by 50?
44
Calculate the remainder when 2513 is divided by 396.
137
Calculate the remainder when 321910 is divided by 620.
130
What is the remainder when 18258 is divided by 4374?
762
Calculate the remainder when 3206012 is divided by 3500.
12
Calculate the remainder when 14532091 is divided by 1038004.
35
Calculate the remainder when 15454979 is divided by 3495.
89
Calculate the remainder when 33132 is divided by 4089.
420
Calculate the remainder when 318726 is divided by 1067.
760
Calculate the remainder when 302487 is divided by 2181.
1509
What is the remainder when 1007811 is divided by 396?
387
What is the remainder when 1892001 is divided by 1915?
1896
What is the remainder when 153036649 is divided by 7842?
19
Calculate the remainder when 8255 is divided by 7746.
509
What is the remainder when 78075366 is divided by 16?
6
What is the remainder when 3622821 is divided by 2385?
6
What is the remainder when 8331694 is divided by 8282?
2
What is the remainder when 9191 is divided by 1571?
1336
Calculate the remainder when 35820 is divided by 699.
171
Calculate the remainder when 29899681 is divided by 7474917.
13
Calculate the remainder when 1720001 is divided by 51.
26
Calculate the remainder when 8944747 is divided by 307.
302
What is the remainder when 11502450 is divided by 2769?
24
What is the remainder when 3141070 is divided by 6006?
5938
What is the remainder when 3861202 is divided by 60331?
18
Calculate the remainder when 48373 is divided by 166.
67
What is the remainder when 3209602 is divided by 1116?
1102
What is the remainder when 90319 is divided by 9978?
517
Calculate the remainder when 2409557 is divided by 2429.
2418
What is the remainder when 154649 is divided by 2118?
35
Calculate the remainder when 396491827 is divided by 4067.
4064
Calculate the remainder when 6516 is divided by 69.
30
Calculate the remainder when 112514029 is divided by 2579.
2575
Calculate the remainder when 11510207 is divided by 371297.
0
What is the remainder when 2307854 is divided by 499?
478
Calculate the remainder when 115408145 is divided by 3587.
7
Calculate the remainder when 381127 is divided by 190560.
7
What is the remainder when 12570173 is divided by 43?
26
Calculate the remainder when 1117485 is divided by 1502.
1499
What is the remainder when 333685 is divided by 111148?
241
What is the remainder when 148567 is divided by 427?
398
Calculate the remainder when 4904421 is divided by 42.
39
Calculate the remainder when 2743073 is divided by 42201.
8
What is the remainder when 78421360 is divided by 43?
24
What is the remainder when 13779201 is divided by 1758?
1755
What is the remainder when 71504 is divided by 2554?
2546
Calculate the remainder when 572893 is divided by 5026.
4955
Calculate the remainder when 2243442 is divided by 550.
542
What is the remainder when 1726791 is divided by 115119?
6
Calculate the remainder when 17832368 is divided by 1981373.
11
What is the remainder when 43002994 is divided by 102?
100
What is the remainder when 349457 is divided by 69672?
1097
Calculate the remainder when 3795718 is divided by 759109.
173
What is the remainder when 53358 is divided by 53276?
82
What is the remainder when 305925502 is divided by 55?
47
What is the remainder when 342604463 is divided by 4894?
4887
What is the remainder when 608396 is divided by 55296?
140
What is the remainder when 3428 is divided by 131?
22
Calculate the remainder when 260271856 is divided by 552.
544
Calculate the remainder when 127473 is divided by 3